ainder when 11948 is divided by 332.
328
Calculate the remainder when 7429 is divided by 266.
247
Calculate the remainder when 425718 is divided by 647.
639
Calculate the remainder when 402868 is divided by 78.
76
Calculate the remainder when 407343 is divided by 203669.
5
What is the remainder when 25909 is divided by 79?
76
What is the remainder when 9542 is divided by 3146?
104
Calculate the remainder when 62887 is divided by 333.
283
Calculate the remainder when 76237 is divided by 116.
25
What is the remainder when 83251 is divided by 1095?
31
Calculate the remainder when 14228 is divided by 1565.
143
What is the remainder when 28459 is divided by 261?
10
Calculate the remainder when 948948 is divided by 873.
870
What is the remainder when 262 is divided by 232?
30
What is the remainder when 7492 is divided by 1868?
20
What is the remainder when 96803 is divided by 48349?
105
Calculate the remainder when 247170 is divided by 83.
79
What is the remainder when 2773 is divided by 57?
37
Calculate the remainder when 6423 is divided by 99.
87
Calculate the remainder when 514533 is divided by 241.
239
What is the remainder when 2043 is divided by 350?
293
Calculate the remainder when 2889 is divided by 935.
84
What is the remainder when 4049 is divided by 86?
7
Calculate the remainder when 7043 is divided by 86.
77
What is the remainder when 26907 is divided by 78?
75
Calculate the remainder when 227338 is divided by 270.
268
What is the remainder when 2725 is divided by 58?
57
Calculate the remainder when 1071 is divided by 271.
258
Calculate the remainder when 110556 is divided by 914.
876
What is the remainder when 18887 is divided by 1853?
357
What is the remainder when 2849 is divided by 69?
20
Calculate the remainder when 959047 is divided by 17.
9
Calculate the remainder when 249812 is divided by 422.
410
What is the remainder when 144058 is divided by 30?
28
What is the remainder when 222281 is divided by 686?
17
Calculate the remainder when 13910 is divided by 148.
146
Calculate the remainder when 1926 is divided by 387.
378
What is the remainder when 14393 is divided by 14370?
23
Calculate the remainder when 17224 is divided by 146.
142
What is the remainder when 3454 is divided by 55?
44
Calculate the remainder when 262142 is divided by 131068.
6
What is the remainder when 19186 is divided by 19156?
30
What is the remainder when 131723 is divided by 32915?
63
What is the remainder when 1000953 is divided by 53?
48
Calculate the remainder when 2888 is divided by 1017.
854
Calculate the remainder when 141255 is divided by 193.
172
What is the remainder when 3684665 is divided by 1201?
1198
What is the remainder when 575 is divided by 8?
7
What is the remainder when 22028 is divided by 11?
6
Calculate the remainder when 48968 is divided by 77.
73
What is the remainder when 43427 is divided by 215?
212
Calculate the remainder when 122745 is divided by 40894.
63
Calculate the remainder when 12264 is divided by 29.
26
Calculate the remainder when 94012 is divided by 170.
2
What is the remainder when 1780458 is divided by 81?
78
What is the remainder when 9010 is divided by 9004?
6
What is the remainder when 1030 is divided by 518?
512
What is the remainder when 1471 is divided by 57?
46
Calculate the remainder when 15643 is divided by 15326.
317
What is the remainder when 1393 is divided by 17?
16
What is the remainder when 14175 is divided by 7087?
1
Calculate the remainder when 35696 is divided by 42.
38
Calculate the remainder when 2130 is divided by 237.
234
Calculate the remainder when 17185 is divided by 163.
70
What is the remainder when 300 is divided by 226?
74
Calculate the remainder when 7490556 is divided by 1216.
1212
What is the remainder when 217815 is divided by 54450?
15
What is the remainder when 400242 is divided by 80047?
7
Calculate the remainder when 322532 is divided by 12.
8
Calculate the remainder when 2018 is divided by 325.
68
Calculate the remainder when 5067 is divided by 5.
2
Calculate the remainder when 491 is divided by 191.
109
What is the remainder when 2503 is divided by 624?
7
Calculate the remainder when 26853 is divided by 8.
5
What is the remainder when 93437 is divided by 57?
14
What is the remainder when 113825 is divided by 19?
15
What is the remainder when 201869 is divided by 74?
71
What is the remainder when 21149 is divided by 6958?
275
What is the remainder when 701 is divided by 187?
140
What is the remainder when 2960 is divided by 13?
9
Calculate the remainder when 18409 is divided by 768.
745
What is the remainder when 988966 is divided by 49?
48
Calculate the remainder when 928 is divided by 35.
18
Calculate the remainder when 13590 is divided by 88.
38
Calculate the remainder when 528 is divided by 20.
8
Calculate the remainder when 11550 is divided by 2867.
82
What is the remainder when 20890 is divided by 146?
12
What is the remainder when 7771 is divided by 2529?
184
Calculate the remainder when 1243 is divided by 117.
73
Calculate the remainder when 148695 is divided by 313.
20
Calculate the remainder when 139921 is divided by 65.
41
Calculate the remainder when 119061 is divided by 30.
21
What is the remainder when 8324 is divided by 758?
744
What is the remainder when 3234 is divided by 169?
23
Calculate the remainder when 989 is divided by 235.
49
Calculate the remainder when 28674 is divided by 2389.
6
Calculate the remainder when 2255 is divided by 170.
45
What is the remainder when 2427 is divided by 1179?
69
What is the remainder when 24136 is divided by 24091?
45
Calculate the remainder when 1500 is divided by 438.
186
Calculate the remainder when 346791 is divided by 21.
18
What is the remainder when 503399 is divided by 187?
182
Calculate the remainder when 6469 is divided by 2156.
1
Calculate the remainder when 2157 is divided by 102.
15
What is the remainder when 118544 is divided by 39496?
56
Calculate the remainder when 9681 is divided by 29.
24
What is the remainder when 11942 is divided by 178?
16
What is the remainder when 4478 is divided by 320?
318
Calculate the remainder when 33485 is divided by 11144.
53
What is the remainder when 339454 is divided by 24?
22
Calculate the remainder when 761278 is divided by 624.
622
What is the remainder when 7114917 is divided by 120?
117
What is the remainder when 74479 is divided by 133?
132
Calculate the remainder when 20354 is divided by 5088.
2
What is the remainder when 89777 is divided by 926?
881
What is the remainder when 1703 is divided by 1154?
549
Calculate the remainder when 9319 is divided by 781.
728
Calculate the remainder when 12072 is divided by 569.
123
Calculate the remainder when 39131 is divided by 113.
33
Calculate the remainder when 2678159 is divided by 3.
2
What is the remainder when 24583 is divided by 667?
571
What is the remainder when 45264 is divided by 22609?
46
Calculate the remainder when 121197 is divided by 101.
98
Calculate the remainder when 7815 is divided by 181.
32
Calculate the remainder when 1466447 is divided by 10.
7
What is the remainder when 8371 is divided by 133?
125
Calculate the remainder when 5682 is divided by 1829.
195
What is the remainder when 113035 is divided by 37671?
22
What is the remainder when 43327 is divided by 471?
466
What is the remainder when 182925 is divided by 182922?
3
Calculate the remainder when 5671 is divided by 2802.
67
What is the remainder when 3335 is divided by 840?
815
What is the remainder when 61200 is divided by 20354?
138
What is the remainder when 11345 is divided by 10?
5
What is the remainder when 4045507 is divided by 13?
11
Calculate the remainder when 188662 is divided by 18866.
2
Calculate the remainder when 467458 is divided by 1113.
1111
What is the remainder when 12816 is divided by 59?
13
Calculate the remainder when 492 is divided by 139.
75
What is the remainder when 50288 is divided by 160?
48
Calculate the remainder when 3074 is divided by 874.
452
What is the remainder when 1248 is divided by 410?
18
What is the remainder when 62009 is divided by 10333?
11
Calculate the remainder when 8359 is divided by 220.
219
Calculate the remainder when 233534 is divided by 43.
1
Calculate the remainder when 353765 is divided by 579.
5